.
6
Let x = -5 - -7. Let a be 9/(-6)*x/3. Let t(m) = m**3 - 1. Let g(z) = -5*z**3 - z**2 - z + 5. Let w(b) = 2*g(b) + 11*t(b). What is w(a)?
-2
Let f(n) = -2*n - 1. Let b(z) = 12 + 2*z - 4*z + z + 0. Let v be b(7). Let l be (-1*1)/(v/10). Determine f(l).
3
Suppose 3*t = 2*t - 1. Let j(m) = -6 + 1 + 3 + 3 + 10*m. Determine j(t).
-9
Let j(t) = -t**3 + 2*t**2 - t + 1. Let u = 8 - 21. Let m = -11 - u. Calculate j(m).
-1
Let q(w) = w**3 + 3*w**2 + 2*w + 1. Suppose -4*b + 1 = -5*g - 4, -2*b = -5*g + 5. Suppose g = -7*r + 4*r. Let x be 2*r/1*1. Give q(x).
1
Let w(f) = -f**2 - 4*f**2 - 13*f**3 + 14*f**3 + 4*f - 1 + 2*f. Determine w(4).
7
Let k(w) = w - 5*w - 5*w - 11. Suppose -9*r + 4*r = 10. Let f(t) = 4*t + 5. Let n(c) = r*k(c) - 5*f(c). Determine n(-2).
1
Let g(t) = -t - 8. Let n(s) = -4*s + 12. Let d be n(4). Calculate g(d).
-4
Suppose 2*w + 7 = -7. Let b = w + 11. Let g(j) = -j - 2. What is g(b)?
-6
Let l(o) = o**2 - 6*o + 2. Let y(m) = -m**2 + 7*m - 2. Let i(d) = 4*l(d) + 3*y(d). Let u(c) = -c + 13. Let p be u(11). What is i(p)?
0
Let y(k) = -3*k + 5 + 0*k - 4 + 4*k. What is y(3)?
4
Let o = -5 + 5. Let r(k) = k - 2*k + o - 2. What is r(3)?
-5
Let b(t) = -t**3 + 7*t**2 - 2*t + 11. Let f be b(7). Let c(s) = 2*s. Give c(f).
-6
Let v(q) = 2*q**3 + 7*q**2 + 17*q - 11. Suppose -s = 4*s - 35. Let k(i) = i**3 + 4*i**2 + 8*i - 5. Let w(h) = s*k(h) - 3*v(h). Calculate w(-6).
4
Let t = 27 + -31. Let r(w) = -w**3 - 6*w**2 + 2*w**2 + 2 + 0 + w. What is r(t)?
-2
Let k(d) be the third derivative of d**6/120 + d**5/20 + d**4/12 + 2*d**3/3 - 19*d**2. Determine k(-3).
-2
Let a(z) be the third derivative of 0*z - 1/6*z**4 + 3*z**2 + 1/6*z**3 + 0. Calculate a(2).
-7
Suppose -5 = -2*y - 5*c, c = -4*y + 3*c - 2. Suppose -4*d + 2*d - 6 = y. Let n(i) = 1 + 0*i**3 - 3*i**3 + 2*i**3 + 0 - 3*i**2. What is n(d)?
1
Let n(g) = g - 1. Let b(f) = -f**2 + 10*f - 9. Let a(r) = -b(r) + 6*n(r). Suppose -35*m = -14*m - 105. What is a(m)?
8
Let i(n) = -n + 5. Let v = -3 - -2. Let w be 1 - (3 + -2)*v. Suppose -2*a - w*a = -16. What is i(a)?
1
Let r be (27/6 - 4)*-8. Let y(m) = m - 2. Calculate y(r).
-6
Let j(h) be the second derivative of -h**5/20 + h**4/2 - h**3 + 7*h**2/2 + 36*h. Let x = -11 - -16. Calculate j(x).
2
Let n(s) = s**2 - s - 1. Let m be n(3). Let l(z) = -z**2 + 9*z + 4. Let k(w) = w**2 - 8*w - 4. Let v(g) = -3*k(g) - 2*l(g). Determine v(m).
9
Suppose -2*z - 1 = 3, 6 = 2*t - 3*z. Suppose n + t = -2. Let x(y) be the first derivative of -y**2/2 + 4. What is x(n)?
2
Let x(k) = -2*k - 6 + 2*k + 2*k. Give x(6).
6
Let r(s) be the first derivative of 2*s**2 - 7*s - 7 + 7/3*s**3 + 1/4*s**4. What is r(-6)?
5
Let g(w) be the first derivative of -w**2/2 + 3*w + 2. Calculate g(-6).
9
Let i = 2 + -5. Let h(s) = -s**2 - 3*s + 4. Let v be h(i). Let w(o) = o**3 - 5*o**2 + 4*o + 1. Determine w(v).
1
Let u(v) be the second derivative of 0 - 3*v - 2/3*v**3 + v**2 - 1/12*v**4. Determine u(-4).
2
Let k(a) = -a**3 + 3*a**2 + 2*a - 4. Let j(w) = -w**2 - 14*w + 35. Let l be j(-16). Calculate k(l).
2
Let h(s) = s**2 + 5*s - 1. Suppose -5*v = 2*n - 10, -2*n - n - 11 = v. Calculate h(n).
-1
Let t(j) be the second derivative of -j**3/6 - j**2 + 10*j. Suppose 0 = -3*b + 5*b. Determine t(b).
-2
Let t(c) = -2*c**2 + 2*c + 4. Let u(j) = 5*j**2 - 3*j - 7. Let f(b) = 7*t(b) + 3*u(b). Suppose -4*o + 26 = -2*n, 0 = 2*n - o - 2 + 16. Determine f(n).
7
Suppose -3*k + 12 = 0, 3*k = 4*q + k. Let m(b) = -b**3 + b**2 + b. Determine m(q).
-2
Let n = -11 - -16. Suppose -21 = -4*h - d, -n*h = -2*d - d - 5. Let a(k) = 4 - 3*k - h. What is a(1)?
-3
Let g = -127 + 124. Let f(u) = u**3 + 3*u**2 + 2*u. Give f(g).
-6
Let d(q) = -21*q**2. Suppose 3*g + 2*s = 5, 5*g + s + 4 = 3. Give d(g).
-21
Suppose f = 4, 3*s + 0*f + 23 = 2*f. Let b = 5 + -3. Let d(p) = 5 + p + b + 0*p. Give d(s).
2
Let s = 15 + -18. Let b(r) = -4*r - 3. What is b(s)?
9
Let p(h) = 1. Let x(w) = 9*w - 2. Let g(s) = 6*p(s) + x(s). Let k(v) be the first derivative of 5*v**2/2 + 2*v + 1. Let d(m) = 6*g(m) - 11*k(m). Give d(5).
-3
Let h(v) be the third derivative of -1/60*v**5 + 0*v + 7/24*v**4 + 0 + 6*v**2 + 0*v**3. Suppose -8 = -j - 3*k + 3, 5*j = -3*k + 31. Calculate h(j).
10
Let j = 1 - 2. Let i = -12 - -16. Let m(o) = -o + i*o + o. Give m(j).
-4
Let w(d) = 5 + 0 + 1 - 2*d**2 - 2. Let c(q) = 6*q**2 + q - 13. Let f(m) = -2*c(m) - 7*w(m). Give f(3).
10
Let n(h) be the third derivative of h**6/120 + 3*h**5/20 + 7*h**4/24 - h**3/3 - 7*h**2. Calculate n(-8).
6
Let a(w) = 3*w**2 - 3*w + 3. Let i be a(2). Suppose 0 = -3*t - 4*d + 11, 4*d + 5 = 2*t - i. Let r(n) = -n**2 + 5*n + 7. Calculate r(t).
7
Let h be ((-6)/(-36))/((-2)/(-12)). Let g(y) = h - 5*y**2 + 3*y + 0 - 5*y. Calculate g(1).
-6
Suppose -16 = 260*u - 256*u. Let s(m) be the second derivative of -m**3/2 - 2*m**2 + m. Give s(u).
8
Let p = -4 + -6. Let i be ((-12)/p)/((-2)/(-5)). Let j(k) = 4*k - 9. Let z(o) = -5*o + 10. Let l(s) = 4*j(s) + 3*z(s). Give l(i).
-3
Let a(j) be the second derivative of -j**3/6 - 13*j**2/2 - 44*j. What is a(-9)?
-4
Let q(t) = 20 + 3 - 3*t**2 - 21 + 2*t**3 - 4*t. Determine q(3).
17
Suppose -3*f + 3 = 0, 4*o + 3 = -0*f + 3*f. Let a = o - -1. Let h(v) be the third derivative of -v**6/30 + v**5/30 - v**4/12 + v**3/6 + 2*v**2. Give h(a).
-3
Let c(k) = k**3 + 3*k**2 - 7*k - 5. Let g(r) be the third derivative of r**5/60 - 7*r**4/24 + r**3 + 3*r**2. Let y be g(5). Calculate c(y).
7
Let f(b) = -7*b**2 - 12*b - 6. Let u(z) = -z**2 - z. Let s(i) = -f(i) + 6*u(i). Give s(-6).
6
Let a(c) = -c**2 - c - 1. Let u be a(-2). Let t(l) = -l - 1. Suppose -2 = -m - 1. Let f(s) = -6*s - 6. Let z(p) = m*f(p) - 5*t(p). What is z(u)?
2
Let c(w) = 4*w**2 + w + 1. Suppose q + 4*v - 7 = 0, 0 = -2*q - 4*v - 5 + 15. Suppose -3*k + 2*f = -q, 9 = -4*k - 2*f - 1. Give c(k).
4
Let b(q) = -2*q - 3. Let s(p) = p + 3. Let j(g) = -3*b(g) - 4*s(g). Let i(o) = -7*o - 1. Let m be i(-1). Calculate j(m).
9
Let a(s) be the second derivative of 1/2*s**2 + 1/20*s**5 - 1/2*s**3 + s + 1/6*s**4 + 0. Calculate a(2).
11
Suppose -5*d = -4*d - 2. Let k(x) = -4 + 2 + 0 + x**2 - d*x. Suppose -7*s + 8 = -3*s. Give k(s).
-2
Let x(t) be the third derivative of 0*t - 1/3*t**3 - 1/60*t**5 + 1/24*t**4 + 0 + 2*t**2. Let r(p) be the first derivative of x(p). Give r(-2).
5
Let q(a) be the first derivative of a**3/3 - 11*a**2/2 + 11*a + 21. Calculate q(8).
-13
Let w = 7 - 11. Let o(c) = -153*c + 73*c + 77*c - 5. Calculate o(w).
7
Let i be ((-3)/3 + -4)/(-1). Let u(x) = -1 + 4*x + i - 3*x. Give u(5).
9
Let o be ((-6)/(-8))/(3/(-12)). Let z(p) = 4*p**2 + p + 2. Let c(s) = -11*s**2 - 2*s - 5. Let f(t) = o*c(t) - 8*z(t). Let g be 24/14 - (-10)/35. Give f(g).
-1
Let i(p) = p + 2. Suppose 0 = 3*k, 5*t - 2*k = k + 30. Calculate i(t).
8
Suppose -2*n - 45 = -5. Let q be (n/15)/(1/(-3)). Let r(a) = -a**3 + 5*a**2 - 4*a + 2. Determine r(q).
2
Let w(d) = -d**2 - 14*d + 42. Let t be w(-17). Let q(f) = f + 9. What is q(t)?
0
Let y be (-1 + -3)/((-2)/(-2)). Let c(g) = -1. Let h(w) = -2*w + 6*w - 3*w - 1 + w. Let o(d) = -6*c(d) + h(d). What is o(y)?
-3
Suppose 0 = 2*u - 2. Suppose u = 3*t - 2. Suppose 2*h + 2*o - t = h, 5*h + 5*o = 10. Let y(q) = -q**3 + 4*q**2 - 4*q + 2. Calculate y(h).
-1
Let b(k) be the third derivative of k**6/120 - k**5/15 - 7*k**4/24 + k**3/3 + k**2. Let z be ((-1)/3)/((-6)/54). Let h be ((-5)/z)/((-5)/15). Give b(h).
-8
Let v = -39 + 45. Let y(l) = -4*l**3 - 5*l + 1. Let r(m) = -m**3 + m**2 + 1. Let a(h) = -5*r(h) + y(h). What is a(v)?
2
Let v(j) = -149 - 148 + j + 297. Give v(-1).
-1
Let s(x) = -x + 1. Let k(m) = -4*m + 4. Let r(a) = 2*k(a) - 7*s(a). Suppose -48 = c + 4*w, c + 3*c + 3*w = -166. Let y be (6/4)/(15/c). Determine r(y).
5
Suppose 2 = -j + 2*k - 0*k, -j + 6 = 2*k. Suppose 2*h = -j*h. Let w(n) be the first derivative of -n**4/4 - n**3/3 - n**2/2 + 10*n + 1. Calculate w(h).
10
Let n be 4 + -2 - -1*(-2 + 5). Let x(q) = -2*q + 2. Calculate x(n).
-8
Suppose 0*x - x = -40. Suppose 2*t - 7*t + 5*v - x = 0, -2*t = 4*v + 4. Let i(f) = 2*f + 8. What is i(t)?
-4
Let l be 9/(-3) - (65/(-5) - -7). Let i(a) = 3*a**3 + 11*a**2 + 7*a - 5. Let d(o) = -o**3 - 5*o**2 - 3*o + 2. Let s(x) = 5*d(x) + 2*i(x). Calculate s(l).
-3
Let j(u) = u**3 - 13*u**2 + 13*u - 6. Suppose -28*v = -22*v - 72. What is j(v)?
6
Suppose -4*r + n + 17 = 0, 